 = 3*y + 18. Let c be z(-20). Let m be (-4 - c/12)/(1/(-104)). Let q = -622 - -830. Calculate the greatest common divisor of q and m.
52
Let i be (1 - 10)*(-40)/15. Let t be 14/((-3)/(-2)*(-20)/15). Let w be (6/t)/(11/(-462)). What is the highest common factor of w and i?
12
Suppose 2*l - 46 = 5*c + 104, -4*l - c + 256 = 0. Suppose -779 = -17*b - l. What is the highest common factor of b and 210?
42
Let b = -121 - -145. Suppose -g - 2*q = -4*q, 0 = -4*g + 4*q. Let t(a) = -a**2 + 3*a + 3. Let j be t(g). What is the greatest common divisor of b and j?
3
Let d = -177 + 75. Let x = 117 + d. Calculate the greatest common divisor of 195 and x.
15
Let x = 134 + -122. Let i be -2*3/(-2)*x/9. Suppose i*f - 3*g - 68 = 0, -3*f - 5*g = f - 68. What is the greatest common divisor of 153 and f?
17
Let f(r) = -152*r**2 - 6*r + 1. Let v(d) = -304*d**2 - 12*d + 3. Let t(g) = 7*f(g) - 4*v(g). Let b be t(1). What is the greatest common divisor of 204 and b?
51
Let z(k) = 14*k**2 + 55*k - 24. Let w be z(-6). What is the highest common factor of 1380 and w?
30
Suppose -62*n - 267291 = -1350369. What is the highest common factor of 54 and n?
27
Let c(x) = 126*x**2 - 23*x + 23. Let s be c(1). Calculate the greatest common factor of s and 7182.
126
Suppose -4*p = -9*p + 160. Suppose 29*o + 162 = p*o. What is the highest common factor of 54 and o?
54
Let x(g) = 139*g**2 - 6*g + 27. Let t be x(4). Suppose o - 3*f = 1038, -2*o - 2*f = -t + 159. Calculate the greatest common factor of 45 and o.
45
Suppose 4*j - 3*f = 110, 2*f - 48 = 43*j - 45*j. Calculate the greatest common divisor of 82 and j.
2
Let m(k) = k**3 - 81*k**2 - 697*k - 488. Let q be m(89). What is the greatest common divisor of 14 and q?
7
Suppose -10*b = 20*b - 60. Suppose h + 5*q - 163 = -b*h, -5*h = -q - 281. What is the highest common factor of h and 616?
56
Let f be (-3)/3 + -16 - 2. Let j = f - -27. Let v(m) = m + 42. Let h be v(14). What is the highest common factor of j and h?
8
Let a be 96436/14 - (-472)/(-1652). Calculate the greatest common divisor of 84 and a.
84
Suppose -2*n = 2*p - 25120, -15*n = -17*n + 5*p + 25106. Calculate the highest common factor of n and 117.
39
Let c(m) = 9*m**2 - 17*m + 26. Let l be c(2). Calculate the greatest common factor of l and 12152.
28
Let f = 24919 - 24907. Let k(x) = x**3 - 17*x**2 + 4*x - 17. Let o be k(17). Calculate the highest common factor of o and f.
3
Let t be 2/(((-20)/(-16))/(5/2)). Suppose -t*w = 3*g - 1219, 2*w - 4*g = -w + 908. What is the greatest common divisor of w and 19?
19
Suppose -715 - 2993 = -9*m. Let y be (-4)/(-18) + m/9 - -2. Suppose 3*u = -4*o - o + 76, y = 2*u + 2*o. Calculate the greatest common factor of 176 and u.
22
Let g(t) = -107*t + 694. Let k be g(6). Let r = 26 - 13. What is the highest common divisor of r and k?
13
Let y be ((-384)/8)/((-2)/2 + 0). Let n be (y/84 - (-59)/7) + 2. Calculate the greatest common factor of n and 99.
11
Suppose 4*r + 1579 - 6979 = m, -4050 = -3*r + 2*m. What is the greatest common divisor of r and 100?
50
Suppose 0 = -l + 1, -5*g - 66*l + 177 = -69*l. What is the greatest common factor of g and 5964?
12
Let q be (6/14 - (8 + (-714)/49)) + 1067. Calculate the highest common divisor of q and 4.
2
Let x(c) = -258*c - 39. Let m be x(-3). Calculate the greatest common divisor of 15 and m.
15
Suppose 0 = -19*h - 4*h - 3059. Suppose 4*j = -137 - 95. Let b = j - h. Calculate the highest common factor of 30 and b.
15
Let o = 10277 - 9968. What is the greatest common factor of o and 1339?
103
Let m be (-2)/(-12) + ((-221)/(-78) - -7). Suppose 4*a - 218 + m = 0. What is the greatest common factor of a and 182?
26
Suppose 38*a - 481 - 1068 = 579. What is the greatest common factor of a and 168?
56
Let f(m) = m + 56. Let k(l) = -4*l - 111. Let c(a) = 5*f(a) + 2*k(a). Let u be c(18). Calculate the greatest common factor of u and 5.
1
Suppose 2*w + 973 = -k, 2*k = -2*w + 752 - 2698. Let z = k - -1502. Calculate the highest common factor of z and 23.
23
Let s = -6416 - -6610. Calculate the greatest common divisor of s and 3007.
97
Let r(c) = 33*c**2 - 4*c + 3. Let l be r(1). Let j = l - -116. Calculate the highest common factor of j and 185.
37
Suppose -5*u = 2*j, -4*j - 2*u + 24 = 2*u. Suppose -6125 = 45*n - 70*n. What is the greatest common divisor of n and j?
5
Let y(j) = 3*j - 48. Let i be y(9). Let l be (-8)/(-28) - 99/i. Let v(a) = 25*a. Let q be v(1). What is the highest common divisor of q and l?
5
Suppose 5*d + 0*d + 4*p - 311 = 0, 3*d - 193 = 4*p. Let b be 320/35 - 1/7. What is the highest common divisor of b and d?
9
Let o(f) = -f**3 - 1. Let t be o(0). Let u be (t + 0)*(-62)/2. Suppose 3*b = l + 85, 0*b + 5*l - 71 = -b. What is the greatest common factor of b and u?
31
Let p be -5 - ((-6)/3 + -15). Let l be ((-3)/(-4))/((-10)/(-40)). Suppose 0 = l*c - 305 + 53. Calculate the highest common divisor of p and c.
12
Let n(v) = v**3 - v + 30. Let s be n(0). Let g be (28 + -29)*(0 - 22) + (-7 - 0). Calculate the highest common factor of s and g.
15
Let b be (-48)/(-9)*(-5217)/(-148). What is the highest common divisor of b and 3102?
94
Let o be (-1)/((-15)/48) + -3 - 31328/(-160). Calculate the greatest common divisor of o and 11417.
49
Let i = -4118 + 5117. What is the highest common divisor of i and 351?
27
Let f = -1953 + 1989. Let t = 493 - -263. Calculate the greatest common divisor of f and t.
36
Let r = 32 - 22. Let b = 27 + r. Suppose 0 = -92*z + 57*z + 1295. Calculate the greatest common divisor of b and z.
37
Let u be 2/(2/(-12) - 329/(-1806)). Suppose 4*a + 53 = 5*v - 116, 3*a - u = -4*v. Calculate the highest common divisor of 88 and v.
11
Let f(h) = -2*h**2 + 9*h - 5. Let b be f(3). Suppose -16 = -8*d + 3*d - p, -3*d - b = 4*p. Calculate the greatest common factor of d and 8.
4
Suppose 0 = -4*y + 16, -3*w - 2*y - y + 84 = 0. Let x be 8*(-117)/(-26) - (7 + 5). Calculate the greatest common factor of x and w.
24
Let b = -3195 + 3199. Calculate the highest common factor of b and 440.
4
Let k(z) = 5*z**3 - 7*z**2. Let i be k(5). Let r be ((-1)/2)/((-46)/3312). Calculate the highest common factor of r and i.
18
Let t(f) = f**3 - 59*f**2 + 167*f + 116. Let s be t(56). What is the highest common divisor of 510 and s?
30
Let y(o) = 28*o**3 - 25*o**2 + 60*o - 6. Let x be y(3). What is the highest common divisor of 30 and x?
15
Let i(z) = 2*z**3 + 7*z**2 - 19*z + 34. Let y be i(5). Suppose x = -154 + y. Calculate the highest common factor of 350 and x.
70
Suppose 0 = 5*u - 132 - 38. Let d be (-5)/(u/(-12) - 2 - -4). Suppose -6*p = -54 - d. Calculate the highest common divisor of 80 and p.
10
Suppose 3*p - 168 = -21*p. Let j be ((-4)/4)/((-2)/58). Let d = p + j. What is the greatest common factor of 252 and d?
36
Let u(y) = -1552*y + 3107. Let j be u(2). What is the highest common factor of j and 626?
1
Suppose 11*c - 655 = -582 + 851. Let w be (-1)/(-1)*2 + -54. Let m = w - -108. Calculate the greatest common divisor of c and m.
28
Let y = 17 + 25. Let c = y + -17. What is the highest common factor of 275 and c?
25
Suppose 0 = -45*p + 12*p - 198. Let m(a) = 7*a**3 + 41*a**2 - 8*a - 5. Let h be m(p). Calculate the highest common divisor of 49 and h.
7
Let s(u) = 7*u - 37. Let y be s(7). Let m be ((-1)/3)/(-3 - (-34)/y). What is the greatest common divisor of 88 and m?
2
Let m(a) = 39*a + 30. Let b be m(11). Calculate the greatest common factor of 34 and b.
17
Let q(g) = 290*g + 10. Let b be q(-5). Let t be (1/2)/(12/b). Let l = -49 - t. What is the greatest common factor of l and 121?
11
Suppose a + 3*q + 1 = 0, 4*a - 5*q - 83 + 19 = 0. What is the greatest common divisor of a and 10351?
11
Let z be 1 + -212 + 46 + -48. Let g be (-2)/((-24)/51)*84. Let s = g + z. Calculate the greatest common divisor of 36 and s.
36
Suppose 2*h + h - 573 = -4*z, -3*z + 3*h + 456 = 0. Suppose 6397 - 13768 = -117*x. What is the highest common divisor of z and x?
21
Let i be (-6)/(524/(-40) + (-403)/(-31)). Calculate the greatest common divisor of 3225 and i.
15
Let h(a) = 0*a**3 - a**3 + 16*a + 6*a**2 - 7 - 22*a. Let u be h(4). Let d be u/(-5) - 10998/(-65). What is the highest common factor of d and 13?
13
Let h be (32 + -29)/((-6)/(-4)). Suppose h*u + 4*b - 252 = 0, 0*u - 4*b = -2*u + 260. Calculate the greatest co